-z**2 + 3*z - 2. Let i be s(2). Suppose i*y = y - 3. Suppose -y*t + 254 = -271. List the prime factors of t.
5, 7
Let q be -7 + -192*(-14)/21. Suppose 797 = 6*w - q. What are the prime factors of w?
3, 17
List the prime factors of 144/32*64984/12*1.
3, 8123
Let z = -54793 + 98891. What are the prime factors of z?
2, 17, 1297
Let d = 7152 - -15638. List the prime factors of d.
2, 5, 43, 53
Suppose -38*c - 26 = -51*c. Suppose -4*l - 6*o + 4*o = -1988, c*l = 4*o + 984. List the prime factors of l.
2, 31
Suppose x = 2*u + 9750, -u + 19480 = 432*x - 430*x. What are the prime factors of x?
2, 4871
Let b = -60 - -64. Suppose b*u + 1 = -3. What are the prime factors of ((-2160)/(-84) - (-4)/14) + u?
5
Suppose -5 - 1 = u + 2*z, 30 = 5*u - 5*z. Suppose 996 = 61*v - 57*v. Suppose u*x - 493 = -2*a + a, x - 2*a = v. List the prime factors of x.
13, 19
Suppose 0 = -5*s - 4*r + 24, -5*r - 79 = -5*s - 19. Suppose -s*i + 281 = -1959. List the prime factors of i.
2, 5, 7
Let k = 4039 - 2198. What are the prime factors of k?
7, 263
List the prime factors of 7327 + (-75)/30*(-18)/(-15).
2, 1831
Suppose y + 30*a = 26*a + 7519, 22491 = 3*y + a. List the prime factors of y.
5, 1499
Suppose -5*p = 3*r - 149602, 1397*r - 4*p = 1396*r + 49856. What are the prime factors of r?
2, 23, 271
Let d(l) = -3*l**3 - 10*l**2 + 4*l - 2. Let o be d(-5). Let m = o - -101. List the prime factors of m.
2, 3, 17
Suppose -5*n + 13949 = 4*q, -4*q + 2793 = 85*n - 84*n. Let j = n + -1674. What are the prime factors of j?
5, 223
Let z(g) = -g**2 + 54*g - 20. Let y be z(14). List the prime factors of y + 3 + 6 + -8.
541
Let g = 16773 - -6425. List the prime factors of g.
2, 7, 1657
Suppose 0*w - 108 = -3*w. Let y be (266/(-70))/(4/20). Let m = y + w. List the prime factors of m.
17
Let f be ((-4)/2)/(-12 + 11). Suppose 1518 = 4*t - 4*j + f*j, -2*j + 1920 = 5*t. List the prime factors of t.
2, 191
Suppose 659 = -17*g + 18*g - 4*x, 0 = 3*g + 5*x - 1892. Suppose -g = -4*y - 5*q + 107, -y - 5*q + 179 = 0. List the prime factors of y.
3, 7
Let s be 21/(-35)*-5 - 197. Let j = 703 + s. List the prime factors of j.
509
Let b = 4 + -3. Let s(n) = n**2 - 27*n - 125. Let l be s(31). What are the prime factors of b*43 + -5 + l + 5?
2, 3, 7
Suppose -122711 = -25*t - 42536. List the prime factors of t.
3, 1069
Suppose -m - 2*m - y = -1, 5*m = 4*y - 4. Suppose -2*w + 0*w + 6 = m. List the prime factors of 24 - (-9)/w*(-2)/3.
2, 11
Suppose -12*b + 17*b - 33190 = 5*s, b = -4*s + 6638. What are the prime factors of b?
2, 3319
Let r be ((-583)/106)/(2/(-24)). What are the prime factors of (165/r)/((-10)/(-7272))?
2, 3, 101
What are the prime factors of (16 - 21)*(-1)/((-15)/(-188022)) + 5?
3, 17, 1229
Let n = -20454 + 34202. What are the prime factors of n?
2, 7, 491
Let l = -2861 - -5656. What are the prime factors of l?
5, 13, 43
Suppose 4*j = -5*q + 11 - 1, 0 = -4*q - 5*j - 1. Suppose 3*p + 4*g = 601, 7*g + 212 = p + q*g. List the prime factors of p.
3, 23
Let t = 1803 - 831. Let k = t + -456. Suppose -5*v - 4*o = -3*o - 638, 4*v - 2*o - k = 0. List the prime factors of v.
2
Let g be (15/25)/(3/15). Suppose g*u = 561 + 297. List the prime factors of u.
2, 11, 13
What are the prime factors of (3/(-27))/(4/48) + (-35732)/(-6)?
2, 13, 229
Let m = -619 + 4217. List the prime factors of m.
2, 7, 257
Suppose 3*m + 3*k - 9 = 6*m, 5*m + 9 = 2*k. Let j be (-11 - -8) + (11 - m). Suppose 0 = -j*f + 14*f - 415. What are the prime factors of f?
83
Let n = -82 - -33. Let u = n - -38. Let j = 146 + u. List the prime factors of j.
3, 5
Suppose 279 - 70 = 5*m - f, -2*m - 4*f = -88. Suppose -4*i - m + 14 = 0. List the prime factors of (-472)/i + 21/(-49).
67
List the prime factors of 208/12 + -16 - (-46732)/6.
2, 5, 19, 41
Suppose 6*r = -12644 + 54788. List the prime factors of r.
2, 439
Suppose 176042 = 336*l - 392*l + 704122. List the prime factors of l.
2, 5, 23, 41
Let u(i) = 103*i**2 + i + 3. Suppose -2*m - 6*v = -4*v - 8, 4*v = 4*m. What are the prime factors of u(m)?
3, 139
Suppose 0 = 5*m - 45 - 35. Suppose -3*p = p - m. Suppose w - 71 = 3*d, d + 270 = p*w + 3*d. What are the prime factors of w?
2, 17
Let i = -328 + 333. Suppose i*r - 7*u + 6*u = 222, 0 = -3*r - u + 138. What are the prime factors of r?
3, 5
Let i be 4065/(-10) - 5/2. Let g = -197 - i. What are the prime factors of g?
2, 53
Let d = 206 + -210. Let b(y) = 25*y**2 + 16*y + 41. List the prime factors of b(d).
13, 29
Suppose 14*b = 39*b - 10575. Suppose 0 = 316*t - 319*t + b. List the prime factors of t.
3, 47
Suppose 0 = 2*f - 5*t - 100, -t - 26 - 18 = -f. Let r = f - 43. What are the prime factors of ((-4)/4)/(r/147)?
7
Let f(w) be the third derivative of w**5/60 + 11*w**4/12 + 19*w**3/6 - 7*w**2. List the prime factors of f(-26).
3, 41
Suppose -5*i - 139 = -159. List the prime factors of 1300/i - (3 - -2 - 8).
2, 41
Suppose 0 = -2*p - 3*c + 21685, -2*p - 40*c = -39*c - 21691. List the prime factors of p.
10847
Let y be 4768/8 + (-6 - -3). Let q = y + 280. List the prime factors of q.
3, 97
Let c be 16/(-4) + (-15672 - 1)/(-7). Suppose -h + c = 2*h. List the prime factors of h.
5, 149
Suppose 2*o + 16067 = 3*g, -18*g + 4*o + 21424 = -14*g. What are the prime factors of g?
3, 5, 7, 17
Let u = 2636 - 1510. Suppose -4*p = -u + 118. List the prime factors of p.
2, 3, 7
List the prime factors of (-12 + 10)*((-122801)/14 + 3) - -3.
2, 5, 877
Let x be (-3)/3*(-2 + (-20561)/1). Suppose 0 = -25*u - 2863 + x. What are the prime factors of u?
2, 3, 59
Let v = -58084 + 97978. List the prime factors of v.
2, 3, 61, 109
Suppose -4*f = -3*f - 420. Suppose -x - 3*b + 45 = f, -4*x + b = 1565. What are the prime factors of 1/((-2)/(2 + x))?
2, 97
Suppose 0 = -15*h + 13*h + 14. Suppose -12 = h*u - 9*u. Suppose -136 = 2*s - u*s. What are the prime factors of s?
2, 17
Let v(b) = 1653*b - 1367. What are the prime factors of v(8)?
71, 167
Suppose j + 32*j = 139490 + 640399. List the prime factors of j.
23633
Let w be (-17 + 33)*(3 + -1). Suppose -2 = -31*x + w*x. What are the prime factors of (-60)/(-24) + 1/x?
2
Let q(z) be the first derivative of 9*z**2/2 - 16*z - 38. Let n be q(2). Let o(x) = 16*x**3 - 4*x**2 + 6*x - 5. What are the prime factors of o(n)?
7, 17
Suppose -1068130 + 153747 = -26*a + 30847. What are the prime factors of a?
5, 11, 661
Suppose 80*g = 23*g + 198754 - 25930. List the prime factors of g.
2, 379
Suppose -37*t - 115900 = -1000089. What are the prime factors of t?
23, 1039
Let x(j) = j**3 - 22*j**2 + 62*j - 157. What are the prime factors of x(40)?
31123
Let y be ((-1)/(-2))/(2/28). Let x be y/35 + 978/10. What are the prime factors of (x/3)/(20/150)?
5, 7
Suppose -8*k + 250745 = -14*k + 17*k. What are the prime factors of k?
5, 47, 97
Let d(m) = 9*m**2 + 31*m + 3. Let u be (40/(-24))/((-2)/(-6)). Let f be d(u). Let q = f + -44. What are the prime factors of q?
29
Let o = 510 + 867. Suppose 6*g + o = 15*g. List the prime factors of g.
3, 17
Let n(a) = -2*a + 31. Let j be n(-13). Suppose -56*b = -j*b + 173. Suppose -187 = -3*x + b. What are the prime factors of x?
2, 3, 5
Let s(n) = -6*n - 7. Let y(i) = -i. Let b(j) = -s(j) - 4*y(j). Let v be b(-8). Let f = v - -106. List the prime factors of f.
3, 11
Let v be 5/30 + 4102/12 + 1. Let s = v - -709. What are the prime factors of s?
2, 263
Suppose 0 = -28*d - 66 + 150. Suppose -37*t = d*x - 32*t - 2973, 0 = 2*x - 2*t - 1966. List the prime factors of x.
2, 17, 29
Suppose a + 2*q + 21 = -2*q, 0 = -4*a - 2*q - 28. Let y(s) = 40*s**2 - 48*s - 230. What are the prime factors of y(a)?
2, 5, 101
Suppose -5*q + 17298 = 1013. List the prime factors of q.
3257
Suppose 3*n - 5*m + 4*m = 13746, m + 22906 = 5*n. List the prime factors of n.
2, 5, 229
Let z be (6 + -4 + -4)/((-6)/21). List the prime factors of z/(28/(-18))*-118.
3, 59
Let h(c) = 465*c - 2380. List the prime factors of h(9).
5, 19
Let p be ((-30)/(-8))/((-455)/460 + 1). Let k be ((-4)/6)/((-46)/p). Suppose 1183 = 5*m + c, -321 - 872 = -k*m + 4*c. List the prime factors of m.
3, 79
Let h(l) = 576*l**3 + 12*l**2 - 99*l + 169. What are the prime factors of h(3)?
2, 11, 353
Suppose 6 = -3*x - 5*b + 2*b, 4*x = -b + 4. What are the prime factors of (-8 + (-265)/(-15))/(x/12)?
2, 29
Suppose -136 = 8*p - 4*p. Let m = 39 + p. Suppose m*l = 135 + 135. Lis